 + (0 - 4 - 63 - -1)
-68
Calculate (-5 - -2) + (3 + 13 + -11 - 9).
-7
Evaluate (10 + -16 + 5 - -11) + -20 + 15.
5
Calculate -85 + -144 + 80 + 84.
-65
What is the value of (445 - 432 - (0 - -3)) + -1 + 66?
75
(2 + 3 - (70 - 110)) + -6 + (-8 - 3)
28
What is 5 + 1 + -3 + -1 - (424 - 396)?
-26
What is 1 - (3 + 0 + -1 + 26 - (-123 + 113))?
-37
What is -67 - (64 + -32 + -37) - 31?
-93
What is (-14 - (-1 + (-15 - -18)) - -6) + -17?
-27
What is 30 - (164 + -68 + -6)?
-60
Evaluate -12 + 2 - (-55 - (-2 + 14 + 0)).
57
Evaluate (-18 - (-17 + 6)) + 16 + -9 + -16.
-16
What is 39 - -133 - 206 - (-2 + 2 + -4)?
-30
What is 298 - (-4 - -275) - (0 + -12)?
39
Evaluate 19 + -1 + (47 - 48) + -27 + (-1 - -47).
36
Evaluate (7 - 28 - (-10 - (4 + 5 + -6))) + -112.
-120
45 - (-1 + -19 + -153 + 203)
15
Evaluate (22 + 10 + -25 - -53) + 9.
69
Evaluate -210 + 230 + (-3 - (-6 + 4 + -9 + 14)).
14
Evaluate 19 + -102 + 32 + -10 + -2.
-63
Evaluate -39 + ((-12 - (-12 - -4)) + 7 - -7).
-29
Calculate -3 + 108 - (-11 + (8 - 0 - (31 - 47))).
92
Calculate -42 - (-20 + 7) - -78.
49
What is (-6 + -1 - 2) + -174 + 170?
-13
Evaluate -22 - -5 - (-16 - -8) - 23 - 6.
-38
What is the value of 136 + -203 + (-4 - (-28 - 6))?
-37
What is -12 + (15 - -1) + 1056 + -1040?
20
Calculate (132 - (37 + -26 + -14)) + -1.
134
Calculate 7 + (-2 - -6) + (-11 - (30 - (-3 + 0))).
-33
Evaluate 1234 + -1321 + (72 - 1).
-16
Evaluate 166 + -133 + ((-2 - -2) + -2 - -3) - 0.
34
What is 2 + -4 + 10 - (89 - (6 - -2))?
-73
What is 8 + 96 + -88 + -20 + 1 + -7 + 21?
11
Calculate (10 - 0) + (134 - 126 - (45 - 0)).
-27
2 - 4 - (6 - (-12 + (1 - -12)))
-7
Calculate 1 + 7 + ((-71 - -34) + 14 - -17).
2
What is the value of (-4 - -4) + -42 - (-23 - (-26 - -4))?
-41
Calculate 2 + 6 + (2 - 3) + (-59 - -29 - -138).
115
Calculate 189 + -165 - (1 - (3 - 7)).
19
1133 - 1133 - (56 - -10)
-66
Evaluate 25 + 7 + (44 - 52).
24
Evaluate 31 + (-85 - -80) - 11.
15
Evaluate (66 - (264 - 35)) + 114.
-49
Calculate 522 - 398 - (66 + 2).
56
What is the value of 13 - (-34 + (-3 - 0) + 18 + -10)?
42
What is (2 - 0 - (33 + -38)) + 40 - (-4 - -5)?
46
Calculate -8 + 0 + (7 - 3) + (0 - (15 - 31)).
12
What is -20 + 1 + -1282 + 1316?
15
What is (-30 - 38) + (7 - (-2 + 4) - -2)?
-61
Evaluate 13 + 30 + (-90 - -88) + -16 + -1.
24
Evaluate 37 - 11 - (64 - (39 + 20)).
21
What is the value of 0 + 18 + -86 + 28 + 26?
-14
35 + (-12 - -30) + -13 + 1 + -6
35
Calculate -11 - 62 - 3 - -17 - (-15 + (3 - -1)).
-48
Calculate 49 - (-10 + 15 + 30).
14
Evaluate (189 - 207) + -26 + 178 + 0.
134
Evaluate -45 + (41 + 51 - 35).
12
What is the value of -686 + 699 + 16 + 2?
31
What is (-8 - -34) + -21 + 11?
16
(-1 + -1 - (62 - 60) - 40) + 1
-43
-274 + 296 + 1 + 13 - 16
20
Calculate 11 + ((-21 - -6) + -19 - -26 - (-7 + 1)).
9
What is the value of -3 + (4 - 17) + (34 - -5)?
23
What is the value of -85 + 183 - (-3 - 0) - 20 - -16?
97
Evaluate 11 - (2 - (5 - 5)) - (25 - 37).
21
What is -42 - (-21 - -16 - 5) - (2 + -5)?
-29
What is the value of 32 + (23 - 9) + (3 - (2 + -2))?
49
(-47 - -3) + -8 - (-8 - (10 + -4 - 13))
-51
What is 4 - (6 + -11 - (-5 + (2 - (11 - 10))))?
5
-34 + 1 - 1 - (228 - 103 - 132)
-27
Evaluate -7 + (8 - 16) + -3 + 7 - -84.
73
-11 - ((1 - -48) + -48 + (7 - 1))
-18
Calculate 79 + -19 + (50 - 18) - (1 + 7).
84
What is the value of 2 - ((0 - -8) + (-51 - (4 + -22)))?
27
What is the value of (25 - 1) + (-22 - -42) + (-31 - -22)?
35
Evaluate 27 + (-4 - -93) + -208.
-92
-5 - (17 + -17 + -20)
15
Evaluate (-93 - -82) + (2 - -33).
24
What is -121 + (68 - -9 - -30)?
-14
(9 - (27 + (-1 - 10))) + -10
-17
Evaluate -38 - ((-38 - -21) + 7 + -1 - (-11 - -4)).
-34
What is the value of 0 + 27 + 9 + 71 + -5?
102
What is -57 - (-1 - 50) - 30?
-36
What is the value of (-2 - 56) + 49 + 1 + 0 + 7?
-1
What is -2 - -21 - (32 - (5 + -16 + 6))?
-18
What is 48 - ((-122 - -72) + 81)?
17
29 - (-28 - -12) - (88 + -124)
81
(-2236 - -2237) + -2 + 2 + -1 + -54
-54
Calculate 37 - ((-5 + 1 - (-22 - -8)) + -245 + 226).
46
What is 7 + (-14 - (-26 - (-5 + -2)) - -5 - -48)?
65
Calculate -69 + 11 + (37 - 11).
-32
Evaluate (7 - -4) + 6 + 10 + -12.
15
Evaluate -69 + (14 - -28) + 60.
33
What is the value of -1 + -19 - (-75 - -69 - ((-2 - -1) + 3))?
-12
53 - (33 + -27 - -19)
28
Evaluate 1 - 9 - (14 + -1 + (16 - (44 - -22))).
29
(-7 - -20) + -17 + (2 - -5) + -5
-2
Calculate 6 + (-9 + 0 - (-100 - -114 - (3 - -29))).
15
1 + 1 - 5 - (-8 + 22 + -13)
-4
What is 7901 + -7750 + (1 - 127)?
25
Calculate (16 - 6) + 22 + -30 + -46.
-44
What is the value of 19 + (-23 - (45 - 12)) + 17?
-20
19 + 13 + -2 + 2 + -23 + 3
12
What is 180 + -165 - (2 + 14) - 6?
-7
Evaluate -8 + 2 + 66 + 8 + -33.
35
What is the value of (-15 - -32) + -49 - (-6 - -3 - -2 - 2)?
-29
What is the value of -50 + -88 + (88 - -31)?
-19
-1 + -27 + 3 + 5 + (17 - 107)
-110
What is the value of -5 + 14 + (-875 - -845)?
-21
(0 - -7) + -17 + -9 + (3 - -10) + -45
-51
What is the value of 11 + -32 + 6 + 10 + -32?
-37
What is (258 + -256 - (-3 + -2)) + -77?
-70
Evaluate -154 - (-116 - (-98 + 60)).
-76
What is the value of (-6 - (-8 - (-30 + (9 - -3)))) + (-9 - 1)?
-26
What is -1 - 59 - (-428 + 445 - (2 - 3 - -8))?
-70
What is the value of (-36 - (3 - 25)) + (1 + -3 - -9)?
-7
Evaluate -53 - (-117 - 13) - 45.
32
What is the value of 1 + -4 - (0 - -27) - (-26 + -2 + 20)?
-22
What is the value of (-68 - -1) + (80 + -77 - -14)?
-50
What is the value of (27 - 30) + -1 + 2 + 6 - -47?
51
What is (-10 - (4 + -5 - 0)) + 3 + (26 - 13)?
7
What is -7791 + 7832 - (1 + 38)?
2
Evaluate -22 - (10 - (-12 + (17 - 15 - -7))).
-35
What is (2 - (-11 - (-2 + 0))) + -10412 + 10397 + 69?
65
-3 - (9 - 3) - (5 + 11 - 3)
-22
What is the value of -58 + -2 - 0 - ((-13 - (-33 + 16)) + -6)?
-58
(16 - 25) + (0 - 4) + 27
14
11 + 13 + -18 + 18
24
What is (-14 - -5) + -1 + -2 + (-76 - (52 - 152))?
12
What is the value of -26 + 1 - ((-2 - -25) + (-17 - (-42 - -56)))?
-17
What is -2 + 21 + (-3 - -1) - (-18 - 21 - -32)?
24
-4 - (-1 - -4) - (78 - (31 - -78))
24
1628 + -1611 - (63 + 1)
-47
What is (-1 - 4) + 3 - (-28 + -21 + 10 + 11)?
26
-144 - (-53 - 116 - -79)
-54
13 + (16 - (10 - -63))
-44
What is the value of -71 + (70 + -41 - -130)?
88
-13 + -73 + -8 + 26 + -11 + 8
-71
Evaluate (-8 - 4 - -24) + -3 + (-19 - -5) - -9.
4
What is the value of (63 - (2 - 0)) + (11734 - 11700)?
95
What is the value of 17 - (6 - 4) - 2 - 6?
7
(9 - 1 - -11) + 5 + (-6 + 8 - 15)
11
Calculate 71 + (100 - 168) - (1 - (-3 - -49)).
48
Evaluate 1 - (-2 + -32 - (-93 - -77)).
19
106 - (19 + 46) - 62
-21
Calculate -9 + (-20 - -16) - -19 - 21 - 24.
-39
What is 2 + (-61 - -37 - (94 - -6))?
-122
What is the value of -16 - ((-18 - -3) + (33 - 44) + 24)?
-14
Calculate -249 + 140 + 5 + -2 + 7.
-99
Evaluate -162 - -39 - -51 - (6 - 0) - -9.
-69
What is 0 + 11 - ((-18 - -32) + 23 + -55)?
29
What is the value of -23 - -11 - (-91 + 53)?
26
What is 2 + (-16 + -9 - -47) - 43?
-19
Evaluate 79 + -60 + -49 + 40.
10
Evaluate 16 + -19 + 33 - 19.
11
Evaluate 85 - ((3 - -153) + 47).
-118
-568 + 545 + -33 + -4
-60
Evaluate (1 + -27 - (839 + -854)) + 4 + -7 + 75.
61
What is 6 - (-20 + -22 + 50)?
-2
What is the value of (3 - (6 - -5)) + 17 + (-23 - -12) - -48?
46
What is 181 + -180 - (-6 - -34) - -19?
-8
Evaluate (-46 - (7 + 2 + 7 + (-15 - -6))) + 7.
-46
Evaluate -20 + 0 - (-143 + -36 + 27).
132
Calculate -14 + 1 - (26 - -33 - 85).
13
What is the value of -86 + (117 - 116) + 27?
-58
What is the value of 29 - (-4 - (-5 + -17 + 11))?
22
Calculate -3 + (-1 - (-20 + -1)) + 8 + -2.
23
What is 5 + -20 + 4 + (6 - 0) - (3 + 1)?
-9
-8 + (10 - -27) - (7 + (-10 - -5))
27
Calculate (-1 + (27 - 35) - (-15 - 2)) + 23.
31
What is 49 - (58 - (7 - -48))?
46
What is (-33 - 1) + -12 + 4?
-42
Calculate 37 - (70 + -52) - 16.
3
What is -28 + 32 + 29 - (167 + 1)?
-135
Calculate 36 - (-66 - -67 - -22).
13
Evaluate 39 + -24 + -20 - 2.
-7
1 + 1 - (-29 + 60 + -19) - (27 + -1)
-36
Evaluate 7 + 6 + (-8 - (-9 - 34)) + -4.
44
Calculate -229 + 529 - 256 - (2 - -10).
32
Calculate 4 + (-22 - (3 - 12)) + -62.
-71
What is (26 - (-101 - -5) - 34) + -1 + -10?
77
Evaluate 1 + 94 + 79 + (-16 - 67).
91
What is (-54 - (-107 + -11)) + 4 + 19?
87
-75 + 73 + 43 + -39
2
13 + (-69 - 7) + -2 - (-1 - 5)
-59
10 + (6 - (2 - -3)) + 17
28
Calculate -8 - (-10 - -6) - -27.
23
What is the value of -69 